) = 3*q**2 + 1. Let f be 3/(3/6 + -2). Let o be ((-12)/(-15))/(f/(-5)). Suppose 5 - 3 = o*c. What is t(c)?
4
Let d = -13637 - -13633. Let i(w) be the second derivative of 2*w**3/3 - 3*w**2/2 - 2*w. Determine i(d).
-19
Let j(y) = -y**3 - y**2 - y - 2. Let h be j(-2). Let i(o) be the third derivative of 0*o + 0 + 4*o**2 + 1/2*o**3 + 1/12*o**4 - 1/60*o**5. Calculate i(h).
-5
Let f(n) = 123 - 260 + 137 - 2*n - 9*n**2. Let g = -18 + 16. Determine f(g).
-32
Let f(s) = 2*s + 23. Let l be f(-11). Let x be (-5 - -9) + l*-1. Suppose -3 = -x*u + 15. Let z(k) = -k + 6. Determine z(u).
0
Let p(f) = -7*f - 1. Let z(k) = 11*k + 1. Let w(m) = -3*p(m) - 2*z(m). Give w(-3).
4
Suppose 4*o - 9 + 3 = -5*l, 3*o - l = 14. Let a(k) be the second derivative of -k**4/12 + 5*k**3/6 - 3*k**2/2 + 240*k. Give a(o).
1
Let x(b) be the second derivative of b**5/20 + 7*b**4/12 + 3*b**3/2 - 3*b**2 + 4*b - 17. Calculate x(-5).
-1
Let b(z) be the second derivative of 0 + 1/2*z**2 - 7*z + 1/6*z**3. Give b(-1).
0
Let w(t) = -99304 + 6*t**2 + t + 99303 - 4*t**2. Calculate w(2).
9
Let u(r) = r**2 + 6*r - 3. Let z(n) = n**2 + 6*n + 11. Let p be z(-7). Suppose 3*w = 8*w + 3*o + 20, 0 = -4*w - 2*o - p. What is u(w)?
4
Let j(y) be the second derivative of -y**2 + 0 - 1/6*y**3 + 4*y. What is j(-3)?
1
Let q(l) = -5*l**3 - 2*l**2 + 8*l - 10. Suppose -3*d = 22 - 61. Let z(x) = 11*x**3 + 5*x**2 - 17*x + 21. Let s(b) = d*q(b) + 6*z(b). Calculate s(-3).
-1
Let g(h) = h + 35 + 48 - 116 + 32. Let n = -20 + 8. Let s be (-2)/8 - 87/n. Give g(s).
6
Let j(t) be the first derivative of -1/2*t**2 - 18*t + 51. Give j(0).
-18
Suppose 4*s = 5*g - 11, 4*g = -2*s - s - 16. Let c be g*(-4 - -1)/(-3). Let h(r) be the third derivative of -r**4/6 + r**2. Give h(c).
4
Suppose 3*k - 18 = 3. Let f(s) be the second derivative of -s**4/24 + 5*s**3/6 - 15*s**2/2 - 11*s. Let i(x) be the first derivative of f(x). Calculate i(k).
-2
Let l(d) = -2*d + 2. Let y(k) = -4*k + 2. Let p(g) = 4*l(g) - y(g). Calculate p(4).
-10
Let m(n) = n - 3. Let p(r) = -1. Let x(y) = -m(y) - 4*p(y). Let l(o) = o**2 + 5*o + 1. Let s be l(-7). Let f = -9 + s. Calculate x(f).
1
Let w(o) = 5 - 5 - o + 0. Let y(u) = u**2 - 5*u - 3. Let i be y(6). Suppose -i*t = 4*v + 6, -4*v + t - 16 = -t. Calculate w(v).
3
Let a(h) = 7*h**3 - h**2 + 3*h + 5. Let y(s) = s**3 - s**2 + 1. Let k(l) = -a(l) + 6*y(l). Suppose -4*g - 6 - 10 = 0. Give k(g).
-3
Let b be 459/(-189) - (-9)/(-42)*-2. Let p(f) = -2*f**2. Give p(b).
-8
Let l(d) = d**3 + d - 1. Let o = -42 - -44. Suppose 0 = -2*j - 10, 0*j = -o*g + 5*j + 27. Give l(g).
1
Let k be (12/(-10))/((-2)/5). Let j(x) = -8. Let u(a) = a + 16. Let s(l) = k*u(l) + 5*j(l). Calculate s(-6).
-10
Let h(z) = z**3 + 5*z**2 + 6*z + 1. Let f = -2412 + 2424. Suppose 0 - 4 = 2*r. Let u be ((-16)/r)/(f + -14). Give h(u).
-7
Let p(m) = 2267*m**2 - m**3 + 3*m - 2*m**3 - 2*m - 2269*m**2 - 5*m. What is p(-2)?
24
Let s(r) = -7*r + 3. Let j(v) = -3*v + 12. Let c be j(4). Suppose -2*p + o + 4 = c, -4*p - p + 10 = -2*o. Determine s(p).
-11
Let p(k) = -k + 1. Let w be 122/15 - 40/300. Determine p(w).
-7
Let a(b) be the third derivative of -b**4/24 + 4*b**2. Let f(r) = r**3 - r**2 + 4. Let n be f(0). Suppose 2*j + i = -1, -n*j + i = -i - 18. Give a(j).
-2
Suppose 0 = -2*b + 4*c + 18, 0 = 5*b - 2*b + 3*c. Let k(p) = b*p + 3 + 2*p - 1 - p**2. Calculate k(3).
8
Suppose -3*n + 2 = -1. Suppose 0*v - n = 2*v - t, 3*v - 5*t = -19. Let c(z) = -2 + v - 2 + 5*z - 2*z. Calculate c(4).
10
Let i(y) = 15*y + 19*y - 5 - 36*y. Calculate i(-7).
9
Let w(m) = -2 - m**2 - 4 + 5*m + 2. Let d = 10044 - 10039. Determine w(d).
-4
Let w(a) = -11 - 15 - 8*a + 26. Determine w(4).
-32
Let u(w) = -1. Let t(l) = l**2 - 4. Let s(q) = 5*t(q) - 20*u(q). Let f be s(-1). Let y(c) = -c + 3. What is y(f)?
-2
Let i(r) = r**2 - 10*r + 18. Let f be i(8). Let k(n) = -n**2 - n + 5. What is k(f)?
-1
Let n(j) = j + 1. Let o = 605 - 604. Let x(f) be the third derivative of -f**5/60 - f**4/24 - f**2. Let h(u) = o*x(u) - 6*n(u). Determine h(-4).
6
Let d(p) = -p**2 + 5*p - 2. Let s be 160/96*27/15. What is d(s)?
4
Let h(c) = 2689*c**2 - 2 - 2690*c**2 + 2*c + 0*c + 7*c. Calculate h(5).
18
Let w = 11 - 10. Let j = -1 - 0. Let p be ((-1)/j - w) + 4. Let a(v) = v**3 - 4*v**2 - 4. Calculate a(p).
-4
Let y(d) be the second derivative of -d**3/6 - 11*d**2 + 518*d. Give y(-12).
-10
Let x = -1 - -6. Suppose 0 = -2*r, 2*t + x*r = -9 - 1. Let n(z) be the third derivative of z**5/60 + 7*z**4/24 + 2*z**3/3 - 7*z**2. Determine n(t).
-6
Let u(k) = -k**2 + 13*k + 33. Let t be 1/3*15*(-10 - -13). Determine u(t).
3
Suppose 0 = 8*c - 4*c - 8. Let r(b) = -24*b - b**c - b**2 + 27*b + b**2. Give r(-3).
-18
Let d(w) = -2*w**3 - 2*w**2 + 2*w - 1. Let q be d(1). Suppose -3*k + 3*o = -18 - 0, -2*k - 4*o - 18 = 0. Let v(g) = -1 + 6 + g**2 + k - 2. What is v(q)?
13
Let w(s) = -2 + 4*s - 7*s + 9*s - s. Let k(h) = h**2 + 10*h - 8. Let p be k(-11). Give w(p).
13
Let n(w) be the second derivative of 2*w**3/3 + 2*w**2 + 32*w + 1. Determine n(3).
16
Let o(f) = -f + 16. Let u be o(12). Let p be (6/(-9))/((-2)/9). Suppose 0 = p*z - 4*z + u. Let m(c) = c**2 - 5*c + 1. What is m(z)?
-3
Suppose -30*g + 27*g + 114 = 0. Suppose -u + 11 = -v, u + 2*u = 4*v + g. Let f(s) = -s**2 + 9*s - 5. Determine f(u).
13
Let t(b) = 71*b + 282. Let z be t(-4). Let x(f) = -f**2 + f + 2. Determine x(z).
-4
Let m = 83 - 78. Let i(b) = -3*b + 3 + m - 5 - 4. What is i(-2)?
5
Let m(z) = -7*z**2 - 1. Let q(o) = -o + 4. Let a be q(4). Suppose -2*l = 3*k - 4, l + 3*l - 18 = -k. Let u be (-3 - k) + a/6. What is m(u)?
-8
Let v(t) = -4*t - 1. Let u(z) = 4*z**2 + 4*z - 6. Let k be u(1). What is v(k)?
-9
Let d be -16*((-120)/(-32) - 4). Let r(o) = -4*o**3 - 5*o**2 + o + 13. Let m(z) = z**3 + 2*z**2 - 4. Let s(t) = 7*m(t) + 2*r(t). Give s(d).
6
Let d = -91 + 133. Let t(n) = d*n - 24*n - 24*n. Suppose 0 = -f + 2. What is t(f)?
-12
Suppose 0 = q + q. Suppose q + 4 = 2*u. Let y(v) = -2*v + 3*v + 2 + 0*v + 14*v - 14*v. Give y(u).
4
Let b(m) be the third derivative of 0 + 1/30*m**5 - 7*m**2 + 0*m - 1/120*m**6 + 1/4*m**4 - 1/6*m**3. Calculate b(4).
-9
Let f be (6/16)/((-9)/(-6))*8. Let v(r) = 4*r**2 - 2*r**f - 3*r**2 + 10*r - 2 - 3*r. Calculate v(5).
8
Let a(y) = -y**3 - 5*y**2 + 5*y + 1. Suppose 25*t - 20 = 30*t. Determine a(t).
-35
Let c(o) be the third derivative of 11*o**4/12 - 7*o**3/6 - 123*o**2. Let i(h) = -5*h - 28*h + 12 - 2. Let q(b) = -7*c(b) - 5*i(b). Determine q(1).
10
Let x(z) be the second derivative of -2*z**3/3 + 3*z**2 - 2*z. What is x(6)?
-18
Suppose 3*c = 6, g + 2*c = -g + 16. Suppose -y - 14 = -5*l - 0*y, -y = -l + g. Let w(d) = -3*d + 0*d + 2*d**2 - 5*d**3 + l*d + 1 + 3*d. Calculate w(-1).
6
Let q(b) be the second derivative of -b**5/20 - b**4/4 + b. Let s = -127 + 129. Suppose -2*j - 6 = k, -3 = 3*j - s*j + 4*k. Determine q(j).
0
Suppose 2*v + 0 + 10 = 0, -4*v = -2*p + 24. Let c(d) = -5*d + 4. Determine c(p).
-6
Let z(t) be the first derivative of t**4/12 + t**3/3 + 61*t**2/2 - 38. Let u(a) be the second derivative of z(a). Let q = 5 - 3. What is u(q)?
6
Let n(v) = v. Suppose 5*x = -2*h + 21, -h + 0*h + 18 = 4*x. Give n(h).
-2
Let k be 6*(2 - 3)*-1. Let y(h) = 0 + 5 + 0*h - 4 + h. Determine y(k).
7
Let x(r) be the second derivative of -r**4/6 - 2*r**3/3 + r**2/2 - 4*r. Let t be ((-9)/(-18))/((-2)/(-4)). Let l be (-8 + 9)*(t - 4). Calculate x(l).
-5
Let q(h) = -2*h**2 + 5*h - 3. Suppose 0 = -14*j - 2 + 44. What is q(j)?
-6
Suppose -21 = -9*r - 57. Let t(p) = -3*p + 3. Let a(k) = k**2 - 11*k + 12. Let h(o) = 2*a(o) - 9*t(o). Give h(r).
9
Let m(v) = 3*v + 1. Let w = -26 - -28. Suppose w*q - 4*n = -n - 10, 2*q + n + 2 = 0. What is m(q)?
-5
Let g(h) = -h**2 + 2*h - 2. Let b(x) = 2*x**2 - 6*x + 4. Let a(u) = -2*b(u) - 5*g(u). Calculate a(-3).
5
Let d be 64/(-12) + 4/3. Let o(y) be the first derivative of -y**2/2 + 3*y + 4. Calculate o(d).
7
Suppose 0 = -3*q + 5*q - 3*j - 7, 4*j = -3*q + 36. Let v(z) = 5*z + 11. Calculate v(q).
51
Let l(s) = -7*s**2 + 4*s - 1. Let p(m) = 19*m**2 - 13*m + 2. Let k(v) = -8*l(v) - 3*p(v). Calculate k(4).
14
Let j(l) be the second derivative of -l**6/720 + l**5/30 - 11*l**4/12 + 28*l. Let d(t) be the third derivative of j(t). Suppose 1 + 6 = a. Give d(a).
-3
Let x(t) = -83*t**3 + t**2 - 2*t + 3. Let n(m) = 33*m**3 